 divided by o?
11
Suppose -q + 0*q + 67 = 4*a, -3*q + 5*a + 235 = 0. Calculate the remainder when q is divided by 19.
18
Suppose -4*t + 3*v - 4*v + 380 = 0, 0 = -5*t + 5*v + 450. Calculate the remainder when t is divided by 14.
10
Suppose l - 2*z = -4, -3*l - 6*z = -8*z - 4. Let b(n) = 20*n**2 - 2*n + 1. What is the remainder when b(1) is divided by l?
3
Let r = 88 - 63. Suppose 1 + 0 = -y, 5*y = m - 15. Calculate the remainder when r is divided by 135/m + (-1)/(-2).
11
Suppose 5*v - 9 - 26 = 0. Let a = v + -6. What is the remainder when a is divided by 1?
0
Let j = 2 + -8. Let n be (j/(-10))/((-1)/(-5)). Let z = 0 + n. What is the remainder when 9 is divided by z?
0
Let a = -85 - -179. What is the remainder when a is divided by 19?
18
Suppose -4*t - 10*t + 826 = 0. What is the remainder when t is divided by (6/(-4))/((-1)/10)?
14
Let j = 131 - 64. Suppose 0 = -2*g - o + 3*o + 26, -3*o = 4*g - 80. Calculate the remainder when j is divided by g.
16
Let w be 2/(-4)*-6 - 0. Let i be ((-6)/w)/((-2)/3). Suppose -44 = b - 5*b + 2*o, 2*b - 18 = i*o. Calculate the remainder when b is divided by 7.
5
Suppose -2*j = -5*p - 0 - 7, 0 = -5*j + 2*p + 28. Let o = 4 - 2. Suppose -o*q = -q - j. Calculate the remainder when 11 is divided by q.
5
Suppose -4*b + 2*z + 40 = -6, 15 = b + 3*z. What is the remainder when 34 is divided by b?
10
Let a(b) be the second derivative of -b**4/12 + 5*b**3/6 - b**2 - 2*b. What is the remainder when 6 is divided by a(2)?
2
Let g = -52 + 82. What is the remainder when g is divided by 11?
8
Suppose 4*h - l = 109, 3*l - 6*l = 4*h - 105. What is the remainder when h is divided by 7?
6
Let l be ((-4)/10)/(2/10). Let o = 0 - l. Let i = -1 + 6. Calculate the remainder when i is divided by o.
1
Suppose 3*n + 0*t = -3*t, -3*n + 5*t + 24 = 0. Let x = -72 - -76. What is the remainder when x is divided by n?
1
Suppose -2*o + 9 + 27 = 4*t, -t = -2*o + 26. Suppose -u + 4*c - 3 = 0, u + 0*c = 2*c + 3. What is the remainder when o is divided by u?
5
Let s(z) = 4*z - 52. Calculate the remainder when s(21) is divided by 7.
4
Suppose m + 0*m - 7 = 0. Let r(i) = 2*i**2 - 8*i + 2. Let v be r(m). Let w = v - 22. What is the remainder when w is divided by 8?
6
Let a = -69 - -133. Suppose -5*u = -3*j - a, -u + 4*j + 3 = -20. Calculate the remainder when 21 is divided by u.
10
Let m(j) = -3*j - 20. What is the remainder when 47 is divided by m(-11)?
8
Let k = -9 + 29. What is the remainder when k is divided by 7?
6
Suppose -2 + 7 = l. Suppose -4*t + 4*m = -80, 2*m - 44 = l*t - 129. Calculate the remainder when 44 is divided by t.
14
Let g(s) = -s + 4. Suppose -5*a - 15 = 10. Calculate the remainder when g(a) is divided by 4.
1
What is the remainder when (-8)/(-32) + (-438)/(-8) is divided by 14?
13
Let h = 2 + 0. Suppose 3*b - 40 = -h*b. What is the remainder when 21 is divided by b?
5
Suppose 0 = g - 3*f - 50, 0*g + 4*f + 250 = 5*g. What is the remainder when g is divided by 26?
24
Calculate the remainder when (-1448)/(-10) + 3/15 is divided by 37.
34
Suppose -4*g + 9 = -11. Suppose -2*p - g - 6 = u, 4*u = -2*p - 50. What is the remainder when 24 is divided by (-1)/(14/u + 1)?
11
Suppose -r = -4*o + 24, 0*o - 24 = -4*o - 4*r. Calculate the remainder when (-340)/(-12) + 4/o is divided by 8.
5
Let a(m) = 4*m - 1. Calculate the remainder when 105 is divided by a(7).
24
Let p = 129 + -95. What is the remainder when p is divided by ((-2)/4)/((-1)/24)?
10
Let s = -49 + 50. What is the remainder when 3 is divided by s?
0
Let q(l) = -5*l - 6. Calculate the remainder when q(-15) is divided by 24.
21
Let g = 9 - -23. What is the remainder when g is divided by 7?
4
Let d = -1 + 89. What is the remainder when d is divided by 15?
13
Suppose -3*x + 7*x - 20 = 0. Let h be 1/((6/(-34))/(-3)). Suppose h - 5 = 4*b. Calculate the remainder when x is divided by b.
2
Suppose -5*f + 3*o = -f + 200, 4*f + 3*o = -224. Let r = f - -102. What is the remainder when r is divided by 13?
10
Let c = -15 - 12. Let f = -2 - c. What is the remainder when f is divided by 14?
11
Let d(y) = y + 7. Suppose 0 = 5*w, 3*f = -w - 5 - 7. Let l be d(f). Suppose 3*m + h = 6*h + 12, 0 = m - l*h. What is the remainder when m is divided by 4?
1
Suppose -7*f = 6*f - 234. Calculate the remainder when f is divided by 5.
3
Let g(i) = -5*i**3 - i**2 + 1. Let o be g(-1). Suppose -h = 4*h - o. Calculate the remainder when h is divided by 1.
0
Let v = -5 - -9. Suppose 0*s - s = 4*g - 9, -2*s + v*g = -30. Calculate the remainder when (0 - 1)*(-49 + 0) is divided by s.
10
Suppose -17 = -a + 4*w, 3*a - 152 = -a - 5*w. What is the remainder when 17 is divided by 2/11 - (-192)/a?
5
Let o(l) = -2*l - 11. Let x = 9 - 17. Let v = 6 - 3. What is the remainder when o(x) is divided by v?
2
Suppose h - 4*z + 2 = 0, -3*h + 6*h - 33 = -z. What is the remainder when 27 is divided by h?
7
Suppose 19 = 6*u - 29. Calculate the remainder when 21 is divided by u.
5
Let y be (2/(-5))/((-3)/615). Calculate the remainder when y/8*(5 + -1) is divided by 14.
13
Suppose 39 = 2*g - 3. What is the remainder when g is divided by 4?
1
Suppose 0 = -z - o + 29, 2*z - 4*o - 24 = 28. Let f(h) = -h**3 + 6*h**2 - 6*h + 2. Calculate the remainder when z is divided by f(4).
8
Let i(k) = -4*k**3 + k - 1. Let a be i(1). Let b be (-40)/6 - a/(-12). Let z(v) = v**3 + 7*v**2 - 2*v - 3. Calculate the remainder when 21 is divided by z(b).
10
Let j = -14 - -19. What is the remainder when 19 is divided by j?
4
Let p(i) = i**3 - 7*i**2 + i - 6. Let s be p(7). Let y(f) = 28*f**2 - f. Suppose 44*b - 312 = 38*b. What is the remainder when b is divided by y(s)?
25
Let s = 15 - -7. Let b be 4/(2*(-2)/(-16)). Let w = b - 4. What is the remainder when s is divided by w?
10
Suppose -5*a + 3*t = -t - 123, a - 39 = -4*t. Calculate the remainder when a is divided by 14.
13
Suppose -x = -3*x + 4. Suppose -8*l + 37 = -3*l - 4*j, -3*l + 21 = -x*j. Suppose l*y = 106 + 9. Calculate the remainder when y is divided by 6.
5
Suppose 85 + 0 = 5*i. Suppose -5*r + 5 = -3*l - 25, 5*r = 5*l + 20. What is the remainder when i is divided by r?
8
Suppose 0 = -3*h - 151 - 2. Let a = h + 73. Calculate the remainder when (a/(-33))/((-4)/114) is divided by 7.
5
Suppose 5 + 27 = 2*w. Calculate the remainder when 29 is divided by w.
13
Let r(l) = 5*l**2 + 1. Suppose 7*g - 2*g + 4 = -x, 2*x - 2*g - 40 = 0. Let c = 0 + x. Calculate the remainder when r(3) is divided by c.
14
Let v = 1 - -29. What is the remainder when 87 is divided by v?
27
Suppose 3*i = -4 + 88. What is the remainder when 27 is divided by (0 - i/(-1))/2?
13
Let f(y) = -y**2 + 6*y. Let x be f(5). Let a(u) = -u**3 + 5*u**2 + 3. Let b be a(x). Let r = b + 1. What is the remainder when 6 is divided by r?
2
Let y(t) = -t**2 + 20*t + 18. Calculate the remainder when y(16) is divided by 21.
19
Let r(l) = 3*l - 36. Calculate the remainder when 52 is divided by r(18).
16
Let d = 161 - 127. Calculate the remainder when d is divided by 10.
4
Suppose 0 = 2*r + 5*w - 18, -r + 4*w - 14 = -3*r. Let s = 2 - r. Calculate the remainder when 17 is divided by 2*(0 + s + 0).
5
Suppose 0 = 4*w - w - 24. Suppose -55 = 3*s - w*s + 4*i, -s = -4*i + 5. What is the remainder when s is divided by 8?
7
Let v = 56 + -46. Calculate the remainder when v is divided by 4.
2
Let h = -28 - 44. Let v = 109 + h. What is the remainder when v is divided by 13?
11
Suppose u + 15 = 26. Calculate the remainder when u is divided by 7.
4
Suppose -3 + 12 = l. What is the remainder when l is divided by 3?
0
Calculate the remainder when 6/(-16)*2 - (-175)/4 is divided by 23.
20
Suppose 4*w - 281 = -29. What is the remainder when w is divided by 22?
19
Let r = 34 - 9. Suppose 4*x = -x + 295. Suppose 0 = 4*i + 16, -3*f + x = -3*i - 2*i. What is the remainder when r is divided by f?
12
Let l be ((-2)/(-3))/((-4)/(-6)). Calculate the remainder when 50 is divided by (1 - 2) + (15 - l).
11
Let w = -1 + 12. Suppose 2*u - 9 - w = 0. Suppose 0 = -q + 5*l + 3, 0*q - 3*q - 5*l = -69. Calculate the remainder when q is divided by u.
8
Let s be (-18)/(-12)*(-8)/(-6). What is the remainder when (1/2)/(s/120) is divided by (-16)/((-1 - -3) + -3)?
14
Suppose 5*b - 6*b = -1. What is the remainder when 29 is divided by (3*(7 + -2))/b?
14
Suppose 49 = 5*c - 181. Let k = c - 30. Cal